
Convert -35 (base 11) to base 12.
-32
Convert -24 (base 11) to base 15.
-1b
1 (base 14) to base 2
1
-421 (base 5) to base 10
-111
34 (base 8) to base 12
24
What is a (base 15) in base 4?
22
-356 (base 7) to base 3
-20222
What is -22 (base 4) in base 3?
-101
-100 (base 5) to base 10
-25
Convert 287 (base 9) to base 15.
111
Convert 52 (base 13) to base 3.
2111
What is -161 (base 13) in base 3?
-100012
3 (base 13) to base 9
3
Convert 36 (base 11) to base 16.
27
Convert -b (base 15) to base 10.
-11
What is 2 (base 16) in base 8?
2
Convert 14 (base 5) to base 13.
9
What is a9 (base 12) in base 2?
10000001
Convert 5 (base 11) to base 14.
5
1 (base 7) to base 3
1
What is -2b (base 12) in base 7?
-50
What is -131 (base 5) in base 7?
-56
-64 (base 12) to base 4
-1030
1 (base 9) to base 11
1
Convert 19 (base 14) to base 2.
10111
-6 (base 8) to base 4
-12
10 (base 7) to base 11
7
ae (base 16) to base 12
126
Convert 38 (base 9) to base 8.
43
What is -5b (base 14) in base 9?
-100
4 (base 14) to base 8
4
21 (base 7) to base 10
15
-1 (base 14) to base 2
-1
-30 (base 9) to base 14
-1d
-c (base 14) to base 2
-1100
101 (base 11) to base 16
7a
What is -10 (base 2) in base 15?
-2
-1c (base 14) to base 6
-42
0 (base 3) to base 14
0
Convert -32 (base 15) to base 5.
-142
What is 1305 (base 6) in base 13?
1c4
What is 6 (base 9) in base 2?
110
What is -49 (base 11) in base 14?
-3b
Convert -7 (base 16) to base 15.
-7
What is 0 (base 5) in base 13?
0
Convert -133 (base 5) to base 10.
-43
Convert -22 (base 5) to base 16.
-c
0 (base 15) to base 6
0
What is -5 (base 7) in base 9?
-5
What is 12 (base 14) in base 16?
10
21 (base 4) to base 7
12
What is -31 (base 7) in base 6?
-34
What is 5 (base 14) in base 16?
5
Convert -c (base 13) to base 7.
-15
What is 11210 (base 3) in base 12?
a9
Convert -10 (base 10) to base 15.
-a
0 (base 12) to base 10
0
What is 3 (base 6) in base 15?
3
What is 68 (base 10) in base 11?
62
Convert 17 (base 13) to base 10.
20
-10 (base 13) to base 7
-16
-32 (base 6) to base 16
-14
-3 (base 10) to base 2
-11
What is -2 (base 6) in base 12?
-2
Convert -74 (base 9) to base 7.
-124
-5 (base 7) to base 11
-5
What is 1 (base 13) in base 10?
1
-11 (base 4) to base 15
-5
What is -1 (base 10) in base 9?
-1
-27 (base 15) to base 10
-37
What is 1313 (base 4) in base 13?
92
Convert 2d (base 16) to base 13.
36
Convert 3 (base 14) to base 7.
3
Convert 1 (base 6) to base 13.
1
Convert -78 (base 9) to base 11.
-65
Convert 4 (base 13) to base 16.
4
What is -257 (base 9) in base 2?
-11010110
56 (base 11) to base 13
49
-12 (base 7) to base 15
-9
What is 47 (base 9) in base 5?
133
What is -5e (base 15) in base 7?
-155
What is -4 (base 10) in base 8?
-4
Convert -1 (base 9) to base 12.
-1
-2 (base 9) to base 15
-2
Convert -29 (base 16) to base 12.
-35
What is -4 (base 10) in base 5?
-4
What is -103 (base 7) in base 12?
-44
-6 (base 8) to base 4
-12
What is 1 (base 15) in base 16?
1
-1013 (base 4) to base 14
-51
What is -6a (base 13) in base 15?
-5d
What is -2 (base 5) in base 9?
-2
Convert 1 (base 7) to base 10.
1
201 (base 3) to base 6
31
-1 (base 10) to base 9
-1
-24 (base 13) to base 5
-110
What is 2 (base 11) in base 9?
2
Convert -131 (base 5) to base 6.
-105
-15 (base 7) to base 3
-110
-7 (base 9) to base 15
-7
Convert -1114 (base 5) to base 6.
-423
What is 11 (base 2) in base 5?
3
0 (base 10) to base 5
0
Convert 50 (base 10) to base 16.
32
Convert 0 (base 16) to base 8.
0
-3b (base 12) to base 16
-2f
Convert -1001011 (base 2) to base 7.
-135
What is -1 (base 9) in base 11?
-1
What is 2 (base 14) in base 7?
2
What is 6 (base 14) in base 7?
6
What is 2 (base 3) in base 14?
2
Convert 0 (base 10) to base 4.
0
Convert 45 (base 8) to base 3.
1101
-132 (base 7) to base 11
-66
What is -133 (base 5) in base 11?
-3a
Convert -1a (base 13) to base 8.
-27
What is 5 (base 11) in base 6?
5
Convert -3 (base 9) to base 6.
-3
What is 100 (base 2) in base 12?
4
What is -10 (base 5) in base 8?
-5
What is 3 (base 6) in base 12?
3
-1 (base 6) to base 14
-1
-4a (base 13) to base 9
-68
Convert 75 (base 8) to base 5.
221
Convert 7 (base 10) to base 6.
11
Convert 5 (base 11) to base 6.
5
What is -4 (base 6) in base 10?
-4
Convert 1 (base 11) to base 13.
1
111 (base 5) to base 16
1f
What is -106 (base 10) in base 14?
-78
aa (base 13) to base 12
b8
Convert -1 (base 11) to base 7.
-1
Convert 10 (base 3) to base 7.
3
-101111 (base 2) to base 7
-65
-9 (base 11) to base 7
-12
Convert 60 (base 8) to base 6.
120
What is 49 (base 15) in base 8?
105
Convert 11 (base 15) to base 2.
10000
-22102 (base 3) to base 5
-1402
-120 (base 11) to base 4
-2033
41 (base 5) to base 13
18
What is -31 (base 5) in base 9?
-17
0 (base 12) to base 11
0
What is 10 (base 13) in base 3?
111
What is -330 (base 9) in base 2?
-100001110
Convert 6 (base 16) to base 9.
6
What is -1 (base 15) in base 12?
-1
What is -18 (base 11) in base 10?
-19
-3 (base 9) to base 12
-3
-2 (base 6) to base 13
-2
-4 (base 13) to base 3
-11
21 (base 16) to base 7
45
Convert 1223 (base 4) to base 5.
412
Convert -75 (base 13) to base 6.
-240
-15 (base 14) to base 13
-16
Convert 133 (base 6) to base 7.
111
1 (base 4) to base 7
1
Convert -43 (base 6) to base 3.
-1000
-27 (base 12) to base 7
-43
Convert -4 (base 5) to base 4.
-10
Convert 2 (base 11) to base 6.
2
What is -100 (base 2) in base 12?
-4
Convert 260 (base 7) to base 12.
b8
Convert 2 (base 8) to base 5.
2
-46 (base 16) to base 10
-70
What is 10 (base 9) in base 10?
9
Convert -19 (base 11) to base 7.
-26
Convert 13 (base 8) to base 12.
b
Convert -52 (base 11) to base 2.
-111001
31 (base 10) to base 14
23
What is -111 (base 2) in base 6?
-11
What is 162 (base 9) in base 12?
b5
-136 (base 12) to base 8
-272
Convert -21 (base 16) to base 3.
-1020
What is -19 (base 12) in base 9?
-23
What is -9 (base 15) in base 10?
-9
Convert 46 (base 7) to base 15.
24
Convert 0 (base 7) to base 15.
0
3 (base 8) to base 15
3
What is 11 (base 6) in base 10?
7
What is 400 (base 5) in base 6?
244
What is -3 (base 16) in base 9?
-3
What is -b (base 14) in base 11?
-10
What is 27 (base 15) in base 9?
41
-1221 (base 4) to base 9
-126
Convert 0 (base 8) to base 2.
0
Convert 127 (base 8) to base 6.
223
What is -7a (base 14) in base 10?
-108
What is 80 (base 9) in base 2?
1001000
8 (base 9) to base 7
11
1221 (base 6) to base 10
301
Convert -1 (base 3) to base 10.
-1
What is -3 (base 5) in base 7?
-3
-44 (base 7) to base 10
-32
9 (base 11) to base 12
9
What is 98 (base 12) in base 4?
1310
12201 (base 3) to base 13
bb
What is -21 (base 8) in base 4?
-101
What is -90 (base 10) in base 9?
-110
Convert -150 (base 7) to base 12.
-70
What is 102 (base 3) in base 2?
1011
What is -4 (base 8) in base 11?
-4
What is 3 (base 11) in base 3?
10
Convert -122 (base 13) to base 7.
-401
-24 (base 7) to base 6
-30
Convert -a (base 13) to base 5.
-20
What is -2d (base 14) in base 4?
-221
-21 (base 3) to base 5
-12
Convert -283 (base 9) to base 6.
-1033
Convert 5 (base 8) to base 9.
5
Convert -102 (base 3) to base 6.
-15
What is 0 (base 9) in base 3?
0
11 (base 14) to base 16
f
0 (base 5) to base 2
0
What is -12 (base 6) in base 3?
-22
10010 (base 3) to base 4
1110
2103 (base 4) to base 3
12110
Convert 0 (base 2) to base 4.
0
2 (base 9) to base 11
2
What is 5 (base 16) in base 7?
5
What is 8 (base 10) in base 11?
8
-2001 (base 4) to base 15
-89
What is 0 (base 8) in base 16?
0
-69 (base 13) to base 15
-5c
74 (base 10) to base 16
4a
Convert -7 (base 14) to base 8.
-7
Convert 100 (base 2) to base 16.
4
-222 (base 5) to base 4
-332
Convert 122 (base 3) to base 8.
21
Convert -aa (base 16) to base 11.
-145
-97 (base 15) to base 7
-262
What is 3 (base 13) in base 6?
3
What is -2 (base 11) in base 2?
-10
Convert -2 (base 7) to base 3.
-2
What is -100 (base 3) in base 10?
-9
-4 (base 11) to base 2
-100
33 (base 11) to base 8
44
What is 76 (base 9) in base 3?
2120
What is -100 (base 3) in base 4?
-21
What is -151 (base 6) in base 5?
-232
What is -4 (base 11) in base 6?
-4
Convert 7 (base 16) to base 14.
7
What is b1 (base 15) in base 8?
246
What is -10 (base 7) in base 15?
-7
Convert 47 (base 10) to base 14.
35
Convert -2 (base 3) to base 8.
-2
What is -2 (base 7) in base 9?
-2
What is 1 (base 10) in base 16?
1
Convert -4d (base 14) to base 10.
-